ose -2*o = 4*x - 8, -x + 4*o + 10 = -1. Let a(s) = -3*s**x - 2*s**2 + 4*s + 4*s**3 - 3*s**2 - 2. Suppose -m = -0*m - 4. Determine a(m).
-2
Let m(c) = 4*c**2 - 7 + c + 14 - 7. Give m(-1).
3
Suppose 2*j + 1 = 13. Let q(o) = o**3 - 7*o**2 + 7*o - 2. Give q(j).
4
Let c(w) = -21*w + 16*w - w**2 - 2 + 13*w. Determine c(6).
10
Let l(i) = -5*i**2 - 1. Suppose 2*d = 5*w - 18, 5 = w - d - 1. Suppose -3*n - w*k = -3, 3*n - 3*k = -7*k + 9. What is l(n)?
-6
Let m(t) = -t**2 - 4*t - 1. Let r be m(-4). Let x(n) be the first derivative of n**2/2 + n - 1. Calculate x(r).
0
Suppose b = 1 + 4, -z - 5*b + 23 = 0. Let w(s) be the second derivative of s**4/12 - s**2 + s. Calculate w(z).
2
Let s(o) = -101 - 4*o - o**3 + 105 - 6*o**2 + 0*o**3. Suppose 2*f = -2 + 12, -f - 15 = 5*n. Give s(n).
-12
Let l(x) = x - 13. Let f be ((-6)/4)/((-45)/420). Let r = f + -14. Give l(r).
-13
Let q(w) = -w**3 + 1. Let t(d) = 3*d**3 + 4*d**2 - d - 3. Let y(k) = -4*q(k) - t(k). What is y(4)?
3
Let s be 2/(-2)*-6 - (7 + -4). Let i(z) = -z**3 + 2*z**2 + 2*z - 2. Calculate i(s).
-5
Let w(t) = -t - 11. Let c be ((-2)/(-4))/((-1)/(-10)). Let o = -36 - -36. Suppose o = v - 2*v - d + 3, -c*v - 12 = -4*d. Determine w(v).
-11
Let p(x) = x - 1. Let q(r) = 12*r - 11. Let t(h) = 66*p(h) - 6*q(h). Calculate t(-1).
6
Let k(j) = -6*j - 6. Let g(c) = c**2 + 9*c + 1. Let x be g(-8). Let r(a) = 4*a + 4. Let h(p) = x*r(p) - 5*k(p). Give h(-4).
-6
Suppose -3 = 2*l - 5*l. Let r(u) = -2*u**3 + 0*u**3 - 2*u**3 - u**2 + u + 0*u**2. What is r(l)?
-4
Suppose 0 = -3*v - 15 - 3. Let y(i) = i**2 + 3*i - 7. What is y(v)?
11
Let s(x) = -x**3 - 2*x**2 - x. Let i(y) be the second derivative of y**5/20 + 5*y**4/6 + 4*y**3/3 - 4*y**2 + y. Let h be i(-9). Let z = -2 + h. Calculate s(z).
0
Let j(d) = -d**3 + d**2 + 3*d + 3. Let k(i) = i - 19. Let y be k(15). Let u(l) = l**3 + 3*l**2 - 6*l - 5. Let f be u(y). Give j(f).
-6
Let k(b) = b + 3. Let m be k(0). Let f(r) = -4*r + 3. Let w(u) = 2*u - 2. Let v(l) = -2*f(l) - 5*w(l). Calculate v(m).
-2
Let h(x) be the first derivative of x**2/2 + 6*x + 17. Let n(d) = d**3 + 5*d**2 + 3*d - 4. Let f be n(-4). Give h(f).
6
Let w(o) = -7*o + 6. Let m(k) = -4*k + 3. Let u be (2/2)/(3/9). Let v(a) = u*w(a) - 5*m(a). What is v(-4)?
7
Let y(j) = j**3 - 78*j - 2*j**2 - 74*j + 149*j - 1. Determine y(3).
-1
Let i(g) = g**2 + g - 2. Let m(w) = -w - 4. Let u be m(0). Let s be (u - -5) + (-2)/2. Let b be 4/(0 + -2) - s. Give i(b).
0
Let t(g) = -g**2 - 6*g - 3. Let w(r) = 4*r + 1. Let o(j) = -j. Let i(z) = -o(z) + w(z). Let m be i(1). Let k be (-9)/m*(-2 + 4). Determine t(k).
6
Let l(g) be the first derivative of g**2 + 31. What is l(-2)?
-4
Let t(f) = 2*f + 4. Let u be t(3). Let v = -7 + u. Let y(i) be the first derivative of -i**3/3 + 3*i**2 - 3*i - 1. What is y(v)?
6
Let q(h) = h**3 + 7*h**2 - 19*h - 17. Let y be q(-9). Let g(c) = -2*c - 11. What is g(y)?
5
Let q(n) be the second derivative of -1/2*n**2 + 0 + 5/6*n**3 - 1/12*n**4 - 3*n. Calculate q(3).
5
Let f(l) = l**2 - 5*l + 1. Let n be f(5). Let i(b) = b - n - 2 + 0. What is i(2)?
-1
Let o be ((-8)/(-10))/((-2)/(-10)). Let p(m) = 4*m**3 + 10*m**2 + 5*m - 4. Let r(y) = -5*y**3 - 11*y**2 - 6*y + 4. Let h(t) = 6*p(t) + 5*r(t). Determine h(o).
12
Let v(a) = 0*a + 5 + 2*a**2 - a**2 + 2*a - 8*a. What is v(5)?
0
Let j = 7 - 3. Let h = -2 + 9. Let k(q) = -1 + h*q + q**2 - q - 2*q**2. What is k(j)?
7
Let k(x) = 2 + 6*x - 10*x - x. Determine k(-2).
12
Let w(h) = h**2 - 5. Let l be (-30)/12 - (-1)/(-2). Let s be (1 - -2 - 0) + l. Calculate w(s).
-5
Let w(n) = 8*n. Suppose -4*z + 5 = -3. Suppose z*g = 5*s + 11, s + 4*g - 4 = 7. What is w(s)?
-8
Suppose -6 = -3*n - 18. Let z = -6 - n. Let v(u) = -2*u**2 - 2*u**3 + 2*u + 3 + 0*u**3 - 6 + 4. Calculate v(z).
5
Let z(j) be the third derivative of j**9/60480 + j**8/4032 + j**7/2520 + j**6/240 + j**5/60 - 2*j**2. Let s(m) be the third derivative of z(m). Give s(-5).
-7
Let r(b) = 5*b - 1. Suppose -1 = 3*j - 4. Suppose 0 = w + j. Calculate r(w).
-6
Let z(m) = -5*m**3 + 16*m**2 - 9*m + 7. Let y(b) = b**3 - 4*b**2 + 2*b - 2. Let l(n) = -9*y(n) - 2*z(n). Calculate l(-3).
13
Let l(p) be the second derivative of 0*p**2 + 0 + 1/20*p**5 - 1/4*p**4 + 1/3*p**3 - 11*p. Calculate l(2).
0
Suppose 2*r = -2*r - 3*k - 10, 5*k + 15 = -5*r. Let o be 1*r/(1/(-5)). Let c(m) be the second derivative of m**3/3 - 3*m**2 - 10*m. Calculate c(o).
4
Let w(k) = k**3 + 4*k**2 - 4*k + 2. Suppose -3*g + 8 = -13. Suppose 2*h = -4*y + 34, g = -3*y + 2*h + 3*h. Suppose 2*q + 4 + y = 0. Calculate w(q).
-3
Let c(s) be the third derivative of -1/8*s**4 + 5/6*s**3 + 1/12*s**5 - 1/120*s**6 + 2*s**2 + 0*s + 0. Calculate c(4).
9
Let x(v) = -5*v**2 - 4*v + 2. Suppose 0 = -2*p + 8, -2*p + 9 = 4*w - 11. Let b(u) = -2*u**2 - 2*u + 1. Let y(i) = w*x(i) - 7*b(i). Calculate y(2).
-1
Let r(o) = -o**3 - 4*o**2 - o + 1. Let b(t) = -t**3 - 5*t**2 + 5. Let p be b(-5). Suppose -3*f - 1 = g, 0*f = -p*g - f - 19. Give r(g).
5
Let f(p) = 4 + 0*p**2 - 6*p - p**2 + 5. Let d be f(-7). Let o(b) = 4*b + 1. What is o(d)?
9
Let t be (-26)/3 - 2/(-3). Let w be (-2)/((t/(-5))/(-4)). Let m(a) = 9*a + 1 + w*a + 2*a - 5*a. Give m(-1).
-10
Suppose 4*g + 8 = 4*r, 0 = 5*g - 3*r + 7*r - 35. Let k(x) = -4*x**g + 3 + 0 - 2*x - 4. Suppose j = 4*j + 3*o + 3, -5*o = 0. Determine k(j).
5
Let p(a) = 10 - 2 - 2 - 5*a**2 + 3. Let h(n) = n**2 - 1. Let g(z) = -4*h(z) - p(z). Calculate g(0).
-5
Let q be ((2 - 3)/(-1))/(-1). Let x(u) be the third derivative of u**6/180 + u**4/24 + 4*u**2. Let k(g) be the second derivative of x(g). What is k(q)?
-4
Let q(s) = -2*s + 3*s + 5 + 3*s**2 - 4*s**2. What is q(0)?
5
Let s = -12 + 10. Let w(g) be the third derivative of 1/20*g**5 + 0 + 0*g + 1/8*g**4 + 1/60*g**6 + 1/3*g**3 + g**2. What is w(s)?
-8
Let m(s) = s**2 + 5*s - 4. Let p be -4 - -3*(-3)/(-2 - -5). Determine m(p).
10
Let c(x) = x**3 - 7*x**2 - 8*x + 3. Suppose -r + m + 13 = 0, 2*r - m = -0*m + 21. Let w be c(r). Let b(q) = 3*q - 3. Determine b(w).
6
Let d be 2*10/4 + -1. Let c(m) = -m**3 + 2*m**2 - 2*m + 1. Let n be c(1). Let j(o) = n*o - o + 1 + 0. Determine j(d).
-3
Let b(u) = u**2 + 2. Let d(x) = 7*x**2 - 7*x + 7. Let f(c) = 6*b(c) - d(c). Calculate f(7).
5
Let t(w) = 5*w - 2. Let k be t(1). Let c(h) = h + 1. Let o(y) = -y - 2. Let l be o(-3). Let a(u) = -5*u - 3. Let g(f) = k*c(f) + l*a(f). What is g(2)?
-4
Let v(g) = g + 2. Let k be (-3)/(2/((-16)/(-12))). Determine v(k).
0
Suppose -2 = -0*a - a. Let d(p) = -2*p**3 + 8*p**2 + 3*p - 9. Let o(b) = -3*b**3 + 12*b**2 + 5*b - 14. Let j(r) = 8*d(r) - 5*o(r). What is j(a)?
4
Let j(t) be the first derivative of -t**3 + 8*t + 3. Let a(o) = -5*o**2 + o + 15. Let d(s) = 4*a(s) - 7*j(s). Give d(-3).
1
Let d(g) = 12 + 0*g - 4*g - 3 - 12. Give d(-3).
9
Let s(v) = v**2 + 9*v + 9. Let l be s(-8). Let c = 0 - 0. Let q(b) = c*b**2 + b**2 + 0*b**2. Determine q(l).
1
Let a(c) be the first derivative of c**4/4 + c**3 - c**2/2 - 4*c + 34. Determine a(-3).
-1
Let h = 1 + 2. Suppose -h*w + 5*v = -29 - 0, -4*w + 2*v = -20. Let o(q) = q**2 - 2*q. Let r(b) = 2*b**2 - 3*b. Let u(l) = 3*o(l) - 2*r(l). What is u(w)?
-9
Let b be 0 - (0 - -1 - 3). Let h(g) be the first derivative of g**2 - 2*g + 170. Give h(b).
2
Let j(p) = -20 - 3*p + 13 + 2*p + 9. What is j(0)?
2
Suppose 0*c - 4 = -2*c. Suppose 0 = -c*w - 3*w. Let j(f) = f**3 - f**2 + f + 1. Let i(t) = 5*t**3 - 7*t**2 + 5*t + 7. Let p(d) = i(d) - 6*j(d). Calculate p(w).
1
Let y(u) = -u**2 - 3*u - 6. Let a be ((-9)/12)/(3/24). Let t(m) = m**2 + 8*m + 8. Let h be t(a). What is y(h)?
-10
Let g(s) = 10*s**2 - 14*s**2 - 1 + 2 - s**3 + 3*s. Give g(-5).
11
Let t = -2 - -9. Suppose t - 1 = 2*b. Let w(h) = -h**2 + 2*h + 1. Calculate w(b).
-2
Let r(c) = 138 - 4*c + c**3 + 7*c - 135 + 4*c**2. Give r(-3).
3
Suppose -w = -2*d - 13, 0 = -0*d - 2*d + 3*w - 23. Let o(k) = k**2 + 4. Determine o(d).
20
Let r be (-28)/(-6) - 3 - 16/(-48). Let l(w) be the first derivative of 1 + 2*w - 1/2*w**2. Give l(r).
0
Let q(k) = -7*k + 8. Let d(s) = s - 1. Let m(b) = -6*d(b) - q(b). Give m(6).
4
Let t(v) be the second derivative of -v**4/12 + v**3 - v**2/2 - 5*v. Calculate t(4).
7
Suppose -z - 1 = 4. Let u = 2 + 1. Let x(g) = 2*g**2 - g**u - 7*g**2 - 4 - g + 0*g. Calculate x(z).
1
Let r(m) = 4*m**2 - m. Let x = 6 + -2. Suppose x*o + 55 = -1. Let